der when 110 is divided by g?
14
What is the remainder when 103 is divided by 18/30 + (-254)/(-10) + 0?
25
Let q(u) = -2 + u + 7*u**3 - 3 + 6 - u**2. What is the remainder when q(2) is divided by 9384/690 - (-4)/10?
13
Let o be (-6 + 2)*3/(-2). Suppose 4*f + o = h, 0 = h + f - 8 - 18. Calculate the remainder when 65 is divided by h.
21
Let r = 1118 - 1079. Calculate the remainder when 409 is divided by r.
19
Let x = -106 + 102. What is the remainder when (-2 - -30) + x + 2 is divided by 14?
12
Let h be (176/28 + -2)*21. Suppose -18*b = -13*b - h. Let z(m) = m**2 - m + 34. What is the remainder when z(0) is divided by b?
16
Suppose -4*w = -o - 3*o - 1424, 5*w - 1765 = 2*o. Calculate the remainder when w is divided by 51.
45
Suppose -111 = -4*w - 30*g + 25*g, 2*g = -5*w + 160. What is the remainder when w is divided by 9?
7
Calculate the remainder when 56 is divided by 80/48 + (-114)/(-18).
0
Calculate the remainder when 3/(-12) + (-8901)/(-36) is divided by 36.
31
Suppose -5*d + 0*d - 4*a + 208 = 0, 2*d - 90 = -5*a. What is the remainder when 75 is divided by d?
35
Suppose -25 = -5*b + 50. Suppose -a = -4*a - 69. Let m = -14 - a. Calculate the remainder when b is divided by m.
6
Suppose -3*n = 4*a - 35 - 362, -5*n - 3*a + 669 = 0. Calculate the remainder when n is divided by 41.
12
Suppose -79*b + 72*b + 1911 = 0. Calculate the remainder when b is divided by 98.
77
Suppose -4*l - 39*k + 832 = -43*k, 0 = l + 5*k - 178. Let h = 32 + -15. Calculate the remainder when l is divided by h.
16
Let r = -541 + 568. Calculate the remainder when r is divided by 6.
3
Suppose 2*t + 2*d + 3*d = 148, 304 = 5*t - 4*d. Suppose -3*x - 53 = -4*h, -5*h + 5*x + 9 = -3*h. Calculate the remainder when t is divided by h.
13
Suppose 4*a - 29 = 27. Let u = 10 - a. Let t = 3 - u. Calculate the remainder when 20 is divided by t.
6
Suppose 14*g - 189 = 5*g. Let l(h) = -10*h - 28. Calculate the remainder when l(-6) is divided by g.
11
Calculate the remainder when 118 is divided by 200/(-70)*(26/(-4) - -3).
8
Let r(j) = -8*j - 8*j + 25 + 0*j. Calculate the remainder when r(-4) is divided by 30.
29
Suppose -4*n - q + 293 = -0*q, 0 = 5*n + 4*q - 358. Let o = -53 - -79. What is the remainder when n is divided by o?
22
Suppose -9*m = -8*m - 5*v + 17, -3*v = -2*m - 6. Let g(t) = -t + 6. Let k be g(-7). Suppose 29 = 2*r + k. Calculate the remainder when r is divided by m.
2
Let o = 2245 + -2232. Let k be (-32)/(-6) + (-1)/3. Suppose t - k*w + 5 = 2*t, -2*t + 5*w + 70 = 0. Calculate the remainder when t is divided by o.
12
Suppose 0 = -3*m - m - 3*s + 180, -3*s = 2*m - 90. Calculate the remainder when m is divided by 12.
9
Let x be (-5)/(100/15) + 11/4. Suppose -r - 3*a + 28 = 0, a = 2*r - x*a - 65. Calculate the remainder when 105 is divided by r.
12
Let f(c) = -c**3 - 6*c**2 + 13. Let r(k) = 3*k + 3. Calculate the remainder when r(7) is divided by f(0).
11
Suppose -41*q - 90 = -50*q. Calculate the remainder when 68 is divided by q.
8
Suppose 0 = 3*l - 2*c + c - 200, 20 = -4*c. Let v = 266 - 244. What is the remainder when l is divided by v?
21
Let z be 15/12*4*1. Suppose 4 = v, -z*q = -2*q + 3*v - 75. Calculate the remainder when 60 is divided by q.
18
Suppose -j - i = -13, j - i - 3 - 8 = 0. Suppose -5*r - p + 354 = 0, 9*r - 11*r = -p - 136. Calculate the remainder when r is divided by j.
10
Let x(y) = -3*y**3 - 9*y**2 - 14*y - 7. What is the remainder when 33 is divided by x(-2)?
6
Let b = -116 - -174. Let p = 89 - b. What is the remainder when p is divided by 11?
9
Suppose -5*s + 5*b + 421 - 136 = 0, 4*b = 0. Calculate the remainder when s is divided by 7.
1
Let k be -40*(-2 - 22/(-8)). Let h = 162 - 96. Let b = k + h. Calculate the remainder when b is divided by 13.
10
Let w = 965 - 904. What is the remainder when 853 is divided by w?
60
Let q(k) = 2*k**3 - 10*k**2 + 15*k - 2. Calculate the remainder when q(5) is divided by 37.
36
Suppose 2*y = 4*y - 5*c - 66, -c + 176 = 4*y. Calculate the remainder when 134 is divided by y.
5
Suppose q - 126 = 2*s, -34*s = -37*s - 15. Calculate the remainder when q is divided by 5.
1
Suppose -5*p - 1 = -8*p + 5*l, 5*p + l = 11. Suppose 26 - 1 = 5*q. Suppose -p*i + 210 = q*i. What is the remainder when i is divided by 8?
6
Calculate the remainder when 217 is divided by (3 + -80)*(-25)/35.
52
Suppose 66*f = 91*f - 225. What is the remainder when (-33)/(-2) - 2/(-4) is divided by f?
8
Let k be 2/(-3)*(7 - 4). What is the remainder when k/(-2)*(-4 - -6) - -75 is divided by 16?
13
Let p be (-1)/((-2 + 4)/10). What is the remainder when 32/3 - 2/(-6) is divided by 2 + 2 + (-10)/p?
5
Suppose 0 = 9*m + 2145 - 2190. What is the remainder when 5 is divided by m?
0
Suppose 0 = l - 1 - 2. Let h(i) = 2*i - 4. Let m be h(3). Suppose -s = s + 2*w - 4, 4 = m*s - l*w. Calculate the remainder when 5 is divided by s.
1
Let w(i) = 2*i - 2. Suppose -3*u - 20 = -2*x, -37 + 15 = -2*x + 4*u. Suppose -s = -x - 3. Calculate the remainder when s is divided by w(4).
4
Suppose 0 = 5*y - 4*y - 4, b - 4*y = -30. Suppose -113 + 359 = -6*x. Let p = b - x. What is the remainder when 53 is divided by p?
26
Let o = 48 - 59. Let t(v) = -v**3 - 13*v**2 - 24*v - 16. Calculate the remainder when 21 is divided by t(o).
3
Let i = -1226 + 1312. Calculate the remainder when i is divided by 30.
26
Let t = 1249 + -1228. What is the remainder when 180 is divided by t?
12
Let d(g) = g**3 - 7*g**2 + 5*g + 8. Let h be d(6). What is the remainder when 3/((-9)/h) + (-10780)/(-231) is divided by 18?
10
Let q(k) = k**2 + k - 10. Let r be q(0). Let m = 20 + r. Calculate the remainder when 25 is divided by m.
5
Suppose -2224 = -4*h - 4*d + 132, 2*d + 586 = h. Calculate the remainder when h is divided by 27.
21
Suppose -30*p - 5*j - 219 = -34*p, -3*p = 5*j - 208. Calculate the remainder when p is divided by 16.
13
Suppose 5*o - 372 - 88 = 0. Suppose -o - 28 = -4*y. Let i = -176 + 265. Calculate the remainder when i is divided by y.
29
Let z(c) = -20*c - 66. What is the remainder when z(-4) is divided by 13?
1
Let c = 50 + -60. Let l = c - -14. Calculate the remainder when 15 is divided by l.
3
Suppose -4*r + 6*i = i - 163, 0 = 2*r - 4*i - 86. Let z = -19 + r. What is the remainder when 68 is divided by z?
14
Suppose -6*h - 59 = 13. Let y(r) = -r**3 - 12*r**2 - 3*r + 29. What is the remainder when y(h) is divided by 35?
30
Calculate the remainder when (-3220)/105*(0 + -3) is divided by 53.
39
Let z = 7 + 24. Suppose -3*m = -287 - z. What is the remainder when m is divided by 12?
10
Let d(k) = -2*k**3 - 8*k**2 - 5*k - 7. Calculate the remainder when 453 is divided by d(-4).
11
Let o = 60 + -58. Suppose -2*u + 0*u = 5*k - 42, 70 = o*u - 2*k. What is the remainder when 90 is divided by u?
28
Let w = 234 - 208. Calculate the remainder when 675 is divided by w.
25
Suppose -s + 336 = 6*s. Let z(i) = -10*i**3 - 2*i**2 + 4*i - 1. Calculate the remainder when z(-3) is divided by s.
47
Suppose -75 = -2*n + 3*z - 8*z, -235 = -5*n - 3*z. Calculate the remainder when 141 is divided by n.
41
Let g = -6 + 12. Calculate the remainder when (-38)/((-1 + -2)/g) is divided by 11.
10
Suppose -l = 3*q - 15, 2 = 2*q - 4*l + 2*l. Suppose -15 + 50 = 5*f. Calculate the remainder when f is divided by q.
3
What is the remainder when (0 + 1)/(8/1184) is divided by 51?
46
Suppose -2019 = -31*p + 2104. What is the remainder when p is divided by 36?
25
Calculate the remainder when (-3 + -6)*(-114)/3 is divided by 69.
66
Let x(b) = b**3 + 17*b**2 + 49*b + 14. Calculate the remainder when x(-12) is divided by 50.
46
Suppose 20*w = 19*w + 50. Let z = -48 - -124. Let q = z - w. Calculate the remainder when 50 is divided by q.
24
Let o(k) = k**3 - 18*k - 14*k**2 - 21 + 17 + 4*k. What is the remainder when o(15) is divided by 3?
2
Suppose 22*n = n + 336. What is the remainder when 171 is divided by n?
11
Let x(v) = v**2 + 18*v + 7. Let y be x(-18). What is the remainder when (-7 - 2)/(y/(-35)) is divided by 10?
5
Let f(t) = t**2 - t - 3. Suppose -9 = 7*n - 4*n. Calculate the remainder when f(n) is divided by 3.
0
Let a = 42 + -21. What is the remainder when 35 is divided by a?
14
Let h(y) = -y - 126. Let z be h(0). Let o = 139 + z. What is the remainder when 84 is divided by o?
6
Suppose -200 = 5*k - 80. Let o = k + 37. Let u = o +